late the remainder when 36462 is divided by 212.
210
Calculate the remainder when 81 is divided by 49.
32
What is the remainder when 3143 is divided by 121?
118
Calculate the remainder when 263 is divided by 97.
69
What is the remainder when 556 is divided by 7?
3
Calculate the remainder when 438 is divided by 88.
86
What is the remainder when 11581 is divided by 11?
9
Calculate the remainder when 3149 is divided by 13.
3
Calculate the remainder when 1238 is divided by 11.
6
Calculate the remainder when 1297 is divided by 52.
49
Calculate the remainder when 1978 is divided by 493.
6
Calculate the remainder when 5388 is divided by 70.
68
What is the remainder when 50 is divided by 4?
2
Calculate the remainder when 48 is divided by 5.
3
Calculate the remainder when 11 is divided by 9.
2
Calculate the remainder when 219 is divided by 74.
71
What is the remainder when 329 is divided by 8?
1
Calculate the remainder when 869 is divided by 265.
74
Calculate the remainder when 1662 is divided by 139.
133
What is the remainder when 142 is divided by 118?
24
What is the remainder when 375 is divided by 115?
30
Calculate the remainder when 497 is divided by 19.
3
Calculate the remainder when 1436 is divided by 45.
41
Calculate the remainder when 742 is divided by 182.
14
What is the remainder when 71 is divided by 9?
8
Calculate the remainder when 1734 is divided by 7.
5
What is the remainder when 75 is divided by 13?
10
What is the remainder when 4157 is divided by 11?
10
What is the remainder when 362 is divided by 24?
2
Calculate the remainder when 141 is divided by 37.
30
Calculate the remainder when 745 is divided by 7.
3
What is the remainder when 61 is divided by 1?
0
Calculate the remainder when 1719 is divided by 19.
9
What is the remainder when 1613 is divided by 16?
13
What is the remainder when 101 is divided by 6?
5
What is the remainder when 40 is divided by 12?
4
What is the remainder when 405 is divided by 310?
95
What is the remainder when 365 is divided by 175?
15
Calculate the remainder when 128 is divided by 11.
7
What is the remainder when 149 is divided by 51?
47
Calculate the remainder when 431 is divided by 19.
13
Calculate the remainder when 169 is divided by 31.
14
What is the remainder when 129 is divided by 19?
15
Calculate the remainder when 439 is divided by 61.
12
Calculate the remainder when 128 is divided by 78.
50
Calculate the remainder when 8144 is divided by 42.
38
Calculate the remainder when 1433 is divided by 245.
208
What is the remainder when 7356 is divided by 101?
84
Calculate the remainder when 31 is divided by 12.
7
What is the remainder when 441 is divided by 45?
36
Calculate the remainder when 215 is divided by 45.
35
What is the remainder when 3647 is divided by 38?
37
Calculate the remainder when 398 is divided by 59.
44
Calculate the remainder when 202 is divided by 84.
34
Calculate the remainder when 4928 is divided by 46.
6
What is the remainder when 5581 is divided by 57?
52
Calculate the remainder when 34 is divided by 19.
15
What is the remainder when 225 is divided by 88?
49
What is the remainder when 225 is divided by 19?
16
Calculate the remainder when 1199 is divided by 296.
15
What is the remainder when 386 is divided by 93?
14
What is the remainder when 1768 is divided by 22?
8
What is the remainder when 263 is divided by 46?
33
What is the remainder when 1823 is divided by 22?
19
What is the remainder when 590 is divided by 148?
146
Calculate the remainder when 423 is divided by 61.
57
What is the remainder when 520 is divided by 142?
94
Calculate the remainder when 3369 is divided by 70.
9
What is the remainder when 37760 is divided by 79?
77
What is the remainder when 33 is divided by 21?
12
What is the remainder when 197 is divided by 38?
7
Calculate the remainder when 1094 is divided by 246.
110
What is the remainder when 53 is divided by 8?
5
What is the remainder when 399 is divided by 31?
27
What is the remainder when 81 is divided by 48?
33
What is the remainder when 2560 is divided by 122?
120
Calculate the remainder when 178 is divided by 36.
34
Calculate the remainder when 854 is divided by 8.
6
What is the remainder when 45 is divided by 35?
10
What is the remainder when 1049 is divided by 44?
37
What is the remainder when 319 is divided by 65?
59
Calculate the remainder when 546 is divided by 156.
78
What is the remainder when 2561 is divided by 14?
13
Calculate the remainder when 1517 is divided by 498.
23
What is the remainder when 327 is divided by 163?
1
Calculate the remainder when 155 is divided by 94.
61
Calculate the remainder when 809 is divided by 285.
239
What is the remainder when 267 is divided by 27?
24
What is the remainder when 584 is divided by 49?
45
Calculate the remainder when 6740 is divided by 34.
8
What is the remainder when 1962 is divided by 5?
2
What is the remainder when 2525 is divided by 79?
76
Calculate the remainder when 2550 is divided by 71.
65
Calculate the remainder when 439 is divided by 5.
4
Calculate the remainder when 39 is divided by 22.
17
What is the remainder when 1492 is divided by 745?
2
What is the remainder when 1293 is divided by 19?
1
Calculate the remainder when 158 is divided by 37.
10
What is the remainder when 91 is divided by 46?
45
Calculate the remainder when 408 is divided by 91.
44
Calculate the remainder when 2303 is divided by 16.
15
What is the remainder when 694 is divided by 347?
0
What is the remainder when 185 is divided by 49?
38
What is the remainder when 1307 is divided by 352?
251
Calculate the remainder when 563 is divided by 141.
140
Calculate the remainder when 510 is divided by 71.
13
Calculate the remainder when 40 is divided by 18.
4
What is the remainder when 1563 is divided by 14?
9
Calculate the remainder when 926 is divided by 58.
56
Calculate the remainder when 44 is divided by 7.
2
Calculate the remainder when 741 is divided by 14.
13
Calculate the remainder when 411 is divided by 112.
75
Calculate the remainder when 89 is divided by 71.
18
What is the remainder when 40 is divided by 11?
7
What is the remainder when 572 is divided by 65?
52
Calculate the remainder when 54 is divided by 47.
7
Calculate the remainder when 171 is divided by 58.
55
What is the remainder when 3547 is divided by 19?
13
Calculate the remainder when 776 is divided by 187.
28
Calculate the remainder when 8491 is divided by 44.
43
Calculate the remainder when 4318 is divided by 54.
52
What is the remainder when 1866 is divided by 373?
1
Calculate the remainder when 7765 is divided by 23.
14
What is the remainder when 4486 is divided by 58?
20
What is the remainder when 151 is divided by 11?
8
What is the remainder when 93 is divided by 6?
3
Calculate the remainder when 26 is divided by 12.
2
What is the remainder when 463 is divided by 5?
3
Calculate the remainder when 474 is divided by 127.
93
What is the remainder when 49 is divided by 13?
10
What is the remainder when 3468 is divided by 39?
36
Calculate the remainder when 151 is divided by 136.
15
What is the remainder when 1272 is divided by 9?
3
What is the remainder when 1242 is divided by 91?
59
Calculate the remainder when 1791 is divided by 23.
20
Calculate the remainder when 64 is divided by 22.
20
Calculate the remainder when 101 is divided by 24.
5
What is the remainder when 348 is divided by 12?
0
What is the remainder when 307 is divided by 22?
21
What is the remainder when 178 is divided by 47?
37
What is the remainder when 207 is divided by 28?
11
Calculate the remainder when 337 is divided by 30.
7
Calculate the remainder when 29 is divided by 19.
10
What is the remainder when 451 is divided by 79?
56
What is the remainder when 1364 is divided by 65?
64
Calculate the remainder when 1930 is divided by 45.
40
What is the remainder when 303 is divided by 35?
23
What is the remainder when 351 is divided by 52?
39
What is the remainder when 50 is divided by 13?
11
Calculate the remainder when 156 is divided by 33.
24
What is the remainder when 6341 is divided by 23?
16
Calculate the remainder when 611 is divided by 202.
5
Calculate the remainder when 573 is divided by 16.
13
Calculate the remainder when 8062 is divided by 63.
61
What is the remainder when 130 